se
Is 4109642623 composite?
False
Is 36197496563 composite?
True
Is 19423055987 a composite number?
True
Is 73049123 a composite number?
True
Is 20032798651 a prime number?
True
Is 4092552313 prime?
True
Is 1994803339 prime?
True
Is 29502192823 a prime number?
False
Is 666312701 a composite number?
False
Is 469845407 a prime number?
False
Is 4942759607 prime?
True
Is 123257791571 a composite number?
False
Is 3492281677 a composite number?
False
Is 5996051143 composite?
True
Is 6232163047 a composite number?
True
Is 25141121 a prime number?
False
Is 6755515717 a prime number?
False
Is 7687555454 prime?
False
Is 3827761963 composite?
False
Is 1072126381 a prime number?
False
Is 18596310818 a prime number?
False
Is 32837613859 prime?
True
Is 8692085711 a prime number?
True
Is 7249480729 prime?
True
Is 651252703 composite?
False
Is 129934283 a composite number?
True
Is 42743503469 prime?
False
Is 205975351 composite?
False
Is 14982425383 prime?
False
Is 11249441279 prime?
False
Is 214304963 a composite number?
False
Is 349291454 a composite number?
True
Is 11318696423 composite?
True
Is 20585104318 a prime number?
False
Is 9635740027 a prime number?
False
Is 285220319 a composite number?
False
Is 72463169609 prime?
True
Is 7330759427 composite?
False
Is 2245602659 a composite number?
False
Is 92835743837 composite?
False
Is 15574738766 a prime number?
False
Is 7911414401 prime?
False
Is 10354517983 a prime number?
True
Is 806641957 a prime number?
False
Is 749287507 a prime number?
False
Is 17980424401 composite?
False
Is 2365517779 a prime number?
False
Is 2672329771 a composite number?
False
Is 7471496009 composite?
True
Is 7851535267 a prime number?
False
Is 52643364583 composite?
True
Is 86796255419 a composite number?
False
Is 15010123981 composite?
False
Is 3680456107 prime?
False
Is 244019407 a prime number?
True
Is 557375783 a composite number?
False
Is 22743893233 composite?
True
Is 1707675731 a prime number?
True
Is 2868284219 prime?
True
Is 13641564557 a composite number?
False
Is 9210510745 a composite number?
True
Is 5853256303 a prime number?
True
Is 33091976477 composite?
True
Is 16137966223 a prime number?
True
Is 17108733935 composite?
True
Is 666937589 a prime number?
False
Is 661182437 composite?
False
Is 158874047 a prime number?
False
Is 9299735483 composite?
True
Is 2072705111 composite?
False
Is 1202688289 a prime number?
False
Is 418985449 a composite number?
False
Is 9516230323 a composite number?
True
Is 26064850843 prime?
True
Is 4638279319 a composite number?
False
Is 6602018191 prime?
True
Is 43347504359 a prime number?
False
Is 2790330383 a prime number?
True
Is 2463875679 composite?
True
Is 1747398209 composite?
False
Is 1525936927 a prime number?
True
Is 5708829277 a composite number?
False
Is 2862126197 composite?
True
Is 42634103047 prime?
False
Is 3490308103 composite?
False
Is 20340829819 a composite number?
False
Is 13975605587 a prime number?
False
Is 89094317 a composite number?
True
Is 3768779227 a composite number?
False
Is 257097502687 a prime number?
False
Is 5943630467 a prime number?
True
Is 751855373 a composite number?
False
Is 8208298621 a composite number?
False
Is 7219132923 a prime number?
False
Is 236588783 prime?
True
Is 3512330537 a prime number?
True
Is 1288101697 a prime number?
False
Is 784186855 a prime number?
False
Is 4377559643 a composite number?
True
Is 1267954691 a composite number?
True
Is 19324762561 prime?
False
Is 2223981413 composite?
False
Is 818475509 a composite number?
False
Is 30487134301 a prime number?
False
Is 2888397277 prime?
False
Is 26196492671 a composite number?
True
Is 45142700938 a composite number?
True
Is 1905573433 composite?
True
Is 2031375779 a composite number?
False
Is 783435649 a prime number?
True
Is 5726887721 a prime number?
True
Is 137607653 prime?
True
Is 2081002367 composite?
False
Is 833860853 a composite number?
True
Is 109061119093 prime?
True
Is 7564002113 a prime number?
False
Is 7918132297 a prime number?
True
Is 131844477121 composite?
True
Is 380048407 a prime number?
True
Is 511536283 a prime number?
False
Is 2026528973 composite?
True
Is 36081348661 a composite number?
True
Is 38123842787 composite?
False
Is 4923007231 prime?
True
Is 2627988509 prime?
True
Is 3449436281 composite?
False
Is 936528319 prime?
False
Is 1688519633 a prime number?
False
Is 40111977751 a prime number?
False
Is 11257390994 composite?
True
Is 16743778099 prime?
False
Is 2916411989 prime?
True
Is 116403060251 a prime number?
True
Is 224683671167 composite?
True
Is 19957985351 prime?
False
Is 3151406105 a composite number?
True
Is 6985510853 prime?
False
Is 2232177671 a composite number?
False
Is 1894542799 prime?
True
Is 1154294123 prime?
False
Is 456854057 prime?
False
Is 643181489 a prime number?
False
Is 158476951051 a prime number?
True
Is 40105360199 composite?
True
Is 3629148683 composite?
False
Is 1690801627 composite?
False
Is 250021699 a composite number?
False
Is 77708224141 a prime number?
True
Is 20174491 a prime number?
True
Is 3442491215 prime?
False
Is 3041521723 a composite number?
False
Is 82481561093 a composite number?
False
Is 17156992018 prime?
False
Is 2835201883 prime?
True
Is 31016445749 a composite number?
True
Is 3216091121 prime?
False
Is 11099374919 a composite number?
True
Is 139833967907 a prime number?
True
Is 186026678611 composite?
True
Is 1915889867 a composite number?
True
Is 51177474937 a prime number?
True
Is 6867052457 a prime number?
False
Is 211424568937 a composite number?
False
Is 5521618439 prime?
True
Is 45910529971 a composite number?
True
Is 5428819367 a composite number?
False
Is 207678409 a prime number?
False
Is 6063830099 prime?
True
Is 4146299413 a prime number?
True
Is 7413983627 a prime number?
True
Is 1881621887 a prime number?
True
Is 19989590422 a composite number?
True
Is 21941469811 composite?
False
Is 909307327 a prime number?
False
Is 220958567 a prime number?
False
Is 6819790085 a composite number?
True
Is 1835262943 prime?
False
Is 886613773 composite?
False
Is 109893229 prime?
True
Is 19062324431 a prime number?
True
Is 2071033187 composite?
False
Is 4172438317 prime?
True
Is 4926305581 a prime number?
False
Is 756488899 a composite number?
True
Is 5125662917 a prime number?
True
Is 23558298869 a prime number?
False
Is 18727623881 prime?
True
Is 6901828645 a prime number?
False
Is 427126423 a composite number?
True
Is 2094054337 a composite number?
False
Is 2365380287 composite?
True
Is 9606964993 prime?
False
Is 221762797 prime?
False
Is 2392794577 a composite number?
True
Is 64770459983 a composite number?
True
Is 33968984099 composite?
False
Is 19358819261 composite?
False
Is 95721943918 a prime number?
False
Is 15727352507 composite?
True
Is 14662557653 a composite number?
True
Is 895065349 a prime number?
False
Is 13893023789 a prime number?
False
Is 92032894157 prime?
True
Is 4718274063 a prime number?
False
Is 40863702379 a prime number?
False
Is 12453761051 a prime number?
False
Is 208785331007 composite?
True
Is 54415096963 prime?
False
Is 404206961 composite?
False
Is 1439270381 composite?
True
Is 203451263 composite?
False
Is 267438863 a prime number?
True
Is 112619189071 a prime number?
True
Is 90553258223 a composite number?
True
Is 7902611635 a composite number?
True
Is 219164512207 a prime number?
False
Is 135080249 a prime number?
False
Is 118368225473 a composite number?
True
Is 443631283 a composite number?
False
Is 17738570923 a composite number?
False
Is 9055612277 prime?
False
Is 299825467 a prime number?
False
Is 6873488591 composite?
True
Is 20154674509 composite?
True
Is 34319906407 composite?
False
Is 3783146771 prime?
False
Is 2070101749 a prime number?
True
Is 1327920079 a prime number?
True
Is 2492427893 a prime number?
True
Is 6236859543 composite?
True
Is 223409665777 composite?
False
Is 454677047 composite?
True
Is 9482936477 prime?
False
Is 32343636187 a composite number?
True
Is 2026089281 a prime number?
True
Is 979729313 a prime number?
True
Is 62212547 prime?
True
Is 1436964835 a composite number?
True
Is 1730449697 prime?
True
Is 6212342581 a composite number?
True
Is 6570550681 composite?
False
Is 18312230869 composite?
False
Is 1867753541 a prime number?
False
I